ctor of 29216?
True
Is 1748 a multiple of 19?
True
Does 3 divide 2431?
False
Does 9 divide 114?
False
Is 4 a factor of 6300?
True
Does 38 divide 544?
False
Is 8 a factor of 1824?
True
Is 93 a factor of 30411?
True
Is 4550 a multiple of 50?
True
Is 120 a multiple of 9?
False
Does 8 divide 19?
False
Is 1265 a multiple of 23?
True
Does 65 divide 2080?
True
Does 111 divide 19805?
False
Is 7 a factor of 53130?
True
Is 23232 a multiple of 121?
True
Is 19 a factor of 152?
True
Does 8 divide 57?
False
Is 18 a factor of 2628?
True
Does 43 divide 86903?
True
Is 359 a multiple of 6?
False
Is 5313 a multiple of 14?
False
Is 51 a factor of 396?
False
Does 10 divide 3541?
False
Is 1440 a multiple of 18?
True
Is 7 a factor of 396?
False
Does 66 divide 287?
False
Is 41 a factor of 2403?
False
Is 83 a factor of 12782?
True
Is 1281 a multiple of 31?
False
Does 248 divide 61008?
True
Is 67 a factor of 3752?
True
Is 183 a factor of 25986?
True
Does 68 divide 952?
True
Does 7 divide 1015?
True
Is 14 a factor of 874?
False
Is 28 a multiple of 14?
True
Is 366 a multiple of 61?
True
Is 6765 a multiple of 11?
True
Does 30 divide 360?
True
Does 10 divide 315?
False
Is 11616 a multiple of 11?
True
Is 14 a factor of 32749?
False
Is 2 a factor of 527?
False
Is 237 a factor of 54984?
True
Does 47 divide 433?
False
Is 9 a factor of 3069?
True
Is 68 a factor of 37834?
False
Does 45 divide 4815?
True
Is 1260 a multiple of 14?
True
Does 2 divide 189?
False
Does 30 divide 2352?
False
Does 94 divide 37371?
False
Does 7 divide 586?
False
Does 173 divide 2153?
False
Is 396 a multiple of 4?
True
Does 12 divide 60?
True
Is 26 a factor of 7093?
False
Does 11 divide 80616?
False
Is 91 a factor of 3640?
True
Does 10 divide 33344?
False
Is 1775 a multiple of 24?
False
Does 39 divide 43461?
False
Is 561 a multiple of 11?
True
Does 34 divide 170?
True
Is 914 a multiple of 24?
False
Is 12 a factor of 619?
False
Does 15 divide 239?
False
Is 13 a factor of 656?
False
Does 13 divide 4364?
False
Is 50 a factor of 1786?
False
Does 2 divide 373?
False
Is 16413 a multiple of 75?
False
Is 1586 a multiple of 56?
False
Does 17 divide 13295?
False
Does 56 divide 5712?
True
Is 742 a multiple of 14?
True
Is 44 a factor of 1308?
False
Does 8 divide 416?
True
Is 16 a factor of 10880?
True
Is 61 a factor of 109404?
False
Is 3663 a multiple of 11?
True
Is 663 a multiple of 4?
False
Is 67 a multiple of 7?
False
Is 4 a factor of 6641?
False
Is 6573 a multiple of 21?
True
Does 19 divide 5111?
True
Is 2574 a multiple of 33?
True
Is 92 a factor of 828?
True
Does 16 divide 291?
False
Is 12 a factor of 12952?
False
Does 23 divide 23437?
True
Does 206 divide 13596?
True
Is 19 a factor of 3724?
True
Is 314 a multiple of 40?
False
Is 58 a factor of 4274?
False
Is 5215 a multiple of 5?
True
Does 105 divide 1680?
True
Is 6 a factor of 686?
False
Does 16 divide 49506?
False
Is 1280 a multiple of 3?
False
Is 79 a factor of 10270?
True
Is 6 a factor of 4560?
True
Does 12 divide 964?
False
Is 61 a factor of 7686?
True
Is 43 a factor of 1247?
True
Does 19 divide 1862?
True
Does 13 divide 21860?
False
Is 22 a factor of 113?
False
Is 20981 a multiple of 10?
False
Is 2101 a multiple of 11?
True
Is 160 a factor of 2910?
False
Does 51 divide 4743?
True
Does 43 divide 817?
True
Is 208 a multiple of 13?
True
Is 28 a factor of 476?
True
Is 22 a factor of 17420?
False
Is 2244 a multiple of 4?
True
Is 115 a factor of 5520?
True
Is 1332 a multiple of 18?
True
Is 19220 a multiple of 62?
True
Is 97 a factor of 19594?
True
Does 19 divide 3893?
False
Is 3726 a multiple of 14?
False
Is 119 a multiple of 8?
False
Is 44 a multiple of 11?
True
Is 7776 a multiple of 9?
True
Is 11 a factor of 36434?
False
Is 23 a factor of 25714?
True
Is 30236 a multiple of 52?
False
Is 130 a factor of 5590?
True
Is 194174 a multiple of 30?
False
Does 96 divide 8005?
False
Is 9534 a multiple of 124?
False
Is 8 a factor of 192?
True
Does 121 divide 3757?
False
Is 121 a factor of 21051?
False
Does 53 divide 10779?
False
Is 1157 a multiple of 39?
False
Is 110 a factor of 20790?
True
Does 37 divide 27175?
False
Is 129 a factor of 4257?
True
Is 7 a factor of 1694?
True
Does 34 divide 12410?
True
Is 33 a factor of 1353?
True
Is 1087 a multiple of 27?
False
Is 13 a factor of 105448?
False
Is 27 a factor of 54?
True
Does 117 divide 24876?
False
Is 37 a factor of 4932?
False
Is 35 a factor of 28875?
True
Is 107 a factor of 893?
False
Does 2 divide 5866?
True
Does 4 divide 3952?
True
Is 2705 a multiple of 42?
False
Is 520 a multiple of 13?
True
Does 32 divide 256?
True
Is 3 a factor of 146?
False
Does 11 divide 2772?
True
Is 370 a multiple of 16?
False
Is 156743 a multiple of 15?
False
Is 47 a factor of 7759?
False
Is 255 a multiple of 57?
False
Does 11 divide 105?
False
Does 22 divide 66?
True
Is 6 a factor of 5406?
True
Does 8 divide 32148?
False
Is 13 a factor of 416?
True
Does 15 divide 1589?
False
Is 15 a factor of 1943?
False
Is 15 a factor of 1350?
True
Is 232 a factor of 5568?
True
Is 20910 a multiple of 85?
True
Is 5 a factor of 7905?
True
Is 10 a factor of 40?
True
Does 19 divide 39975?
False
Is 731 a multiple of 17?
True
Is 13 a factor of 3497?
True
Is 29 a factor of 286?
False
Is 336 a multiple of 14?
True
Is 1260 a multiple of 9?
True
Is 1375 a multiple of 25?
True
Is 58 a factor of 232?
True
Is 9696 a multiple of 12?
True
Is 51 a factor of 73?
False
Is 39642 a multiple of 6?
True
Is 315 a multiple of 7?
True
Is 9 a factor of 4221?
True
Does 3 divide 234?
True
Is 70 a factor of 2100?
True
Is 135 a multiple of 27?
True
Is 35011 a multiple of 157?
True
Does 76 divide 2648?
False
Is 134 a factor of 13534?
True
Is 14 a factor of 4928?
True
Is 5 a factor of 2040?
True
Is 1239 a multiple of 59?
True
Is 1043 a multiple of 14?
False
Does 229 divide 68242?
True
Does 26 divide 14561?
False
Is 33 a factor of 3209?
False
Is 511 even?
False
Does 172 divide 729?
False
Is 8987 a multiple of 165?
False
Is 11 a factor of 286?
True
Is 33814 a multiple of 69?
False
Is 3 a factor of 2854?
False
Does 10 divide 139?
False
Is 64 a factor of 640?
True
Is 115 a factor of 72225?
False
Is 1813 a multiple of 11?
False
Is 36 a factor of 504?
True
Is 808 a multiple of 8?
True
Is 5957 a multiple of 139?
False
Is 28420 a multiple of 49?
True
Does 218 divide 43600?
True
Does 11 divide 14641?
True
Is 1635 a multiple of 15?
True
Does 16 divide 96?
True
Does 17 divide 8026?
False
Is 55758 a multiple of 264?
False
Is 47 a factor of 1825?
False
Does 21 divide 4167?
False
Is 12 a factor of 3420?
True
Does 32 divide 8000?
True
Does 15 divide 10988?
False
Is 720 a multiple of 8?
True
Is 2 a factor of 111?
False
Does 140 divide 5674?
False
Is 8848 a multiple of 3?
False
Is 36 a factor of 106740?
True
Does 21 divide 60227?
False
Does 20 divide 1200?
True
Is 57574 a multiple of 171?
False
Is 3 a factor of 140?
False
Is 22 a factor of 849?
False
Does 21 divide 752?
False
Is 1062 a multiple of 59?
True
Is 11 a factor of 10989?
True
Does 133 divide 133?
True
Is 535 a multiple of 4?
False
Is 44 a factor of 464?
False
Does 7 divide 798?
True
Does 22 divide 462?
True
Is 7 a factor of 74317?
False
Is 10776 a multiple of 24?
True
Is 1320 a multiple of 66?
True
Is 149 a multiple of 17?
False
Is 9 a factor of 1688?
False
Does 86 divide 2524?
False
Does 11 divide 3522?
False
Is 54 a factor of 85768?
False
Is 18 a factor of 1224?
True
Is 5416 a multiple of 8?
True
Is 4 a factor of 457?
False
Does 11 divide 10537?
False
Does 22 divide 194?
False
Is 4 a factor of 4328?
True
Is 13 a factor of 11842?
False
Does 11 divide 16390?
True
Is 186 a factor of 9858?
True
Is 89 a factor of 3042?
False
Is 28 a factor of 392?
True
Is 31 a factor of 589?
True
Does 10 divide 15204?
False
Is 23 a factor of 808?
False
Does 13 divide 2774?
False
Does 18 divide 97709?
False
Is 9289 a multiple of 218?
False
Is 27 a factor of 150652?
False
Is 6208 a multiple of 3?
False
Does 25 divide 342?
False
Is 3615 a multiple of 30?
False
Is 1898 even?
True
Is 44 a factor of 13860?
True
Is 4218 a multiple of 74?
True
Is 9 a multiple of 4?
False
Does 67 divide 439?
False
Does 11 divide 32010?
True
Is 63 a factor of 378?
True
Does 47 divide 460?
False
Is 1107 a multiple of 41?
True
Is 477 a multiple of 31?
False
Is 36 a factor of 2124?
True
Doe